ainder when 11 is divided by 9/2*(-16)/(-24)?
2
Let r = -13 - -17. Calculate the remainder when 11 is divided by r.
3
Let c be (-13)/(-3) + 2/3. Suppose 0 = 3*n + h - 58, 17 = -0*n + 2*n + c*h. Calculate the remainder when n is divided by 12.
9
Let w(z) = -4*z - 3. What is the remainder when 25 is divided by w(-3)?
7
Suppose -r - 4 = 0, -3*t + t + 30 = -5*r. What is the remainder when 3 is divided by (-4)/6 + t/3?
0
What is the remainder when 5 is divided by 48/22 - (-6)/(-33)?
1
Let l = -2 + 4. Suppose q + 1 - l = 0. Suppose 21 - q = 4*v. What is the remainder when v is divided by 2?
1
Suppose -s + o - 162 = -5*s, -o - 2 = 0. Calculate the remainder when s is divided by 14.
13
Let m = -27 + 31. Let q = 4 + 2. What is the remainder when q is divided by m?
2
Suppose -z = -0*z - 10. Let j(m) = -3 - 1 + 2*m - 4. Calculate the remainder when z is divided by j(6).
2
Let q = 97 - 71. What is the remainder when q is divided by 14?
12
Let y(r) = r**3 - 2*r**2 + 4*r + 5. Let u be y(4). Suppose 4*t = u + 55. Suppose 4*z = z + t. Calculate the remainder when 33 is divided by z.
6
Let p(o) = 2*o + 8. Let j(k) = 3*k + 9. Let d = -7 + 11. Let q(g) = d*j(g) - 5*p(g). Calculate the remainder when q(9) is divided by 8.
6
Suppose -2*t = t - 36. Calculate the remainder when 42 is divided by ((-44)/6)/((-8)/t).
9
Let q(j) = -2*j - 8. Calculate the remainder when 13 is divided by q(-8).
5
Let s be -20*((1 - 3) + 3). Let u be 2/5 - 252/s. Suppose 5*z - u - 7 = 0. Calculate the remainder when 11 is divided by z.
3
Calculate the remainder when 15 is divided by (-20)/8*16/(-10).
3
What is the remainder when 71 is divided by 12/30*45*1?
17
Suppose s - 1 = y, -4 - 5 = -3*y. Calculate the remainder when 11 is divided by s.
3
Let r = 15 - 11. Let m(z) = -z + 15. What is the remainder when m(0) is divided by r?
3
Suppose -8*s = -102 + 6. What is the remainder when 22 is divided by s?
10
Suppose -2*h = -16 - 6. What is the remainder when h is divided by (-1)/(-1)*8 - 2?
5
Calculate the remainder when 55 is divided by 31 - (2/2 + 1).
26
Let a(k) = -k**2 + 8*k - 7. Let n be a(6). Let t be (8/10)/(2/n). Suppose -b + 2 = -t. Calculate the remainder when b is divided by 3.
1
Let f(h) = h**3 + h**2 - h. Let o(c) = -3. Let n(z) = -f(z) - o(z). Calculate the remainder when n(-3) is divided by 10.
8
Suppose 10*d + 86 = 11*d. Calculate the remainder when d is divided by 19.
10
Let r = -49 - -83. What is the remainder when r is divided by 1 - 0 - 34/(-2)?
16
Calculate the remainder when (-1)/(86/22 + -4) is divided by 3.
2
Let u be -2 + (0 + -3)/3. Let q = u + 5. Calculate the remainder when q is divided by 2.
0
Let n = -3 + 10. Suppose -2*f = -3*p - 269, 2*p = -3*f - 148 + 545. Suppose a - 8*a = -f. Calculate the remainder when a is divided by n.
5
Let s be 2 + (0 - -1) + 2. Suppose 2*u + 0 + 2 = -5*z, 5*z + 5 = -s*u. What is the remainder when 10 is divided by (-3)/(3/(-2)) - u?
1
Suppose 26 = 2*o - 2. Calculate the remainder when 25 is divided by o.
11
Let b(g) = -g**3 - 2*g**2 + 4*g - 2. Let x be b(2). Let r be (26/x - -2)*-25. Suppose 5*u - r = 10. Calculate the remainder when 9 is divided by u.
4
Suppose z + 24 = -3*z. Let r(p) be the second derivative of -p**4/12 - 4*p**3/3 - p**2/2 - p. Calculate the remainder when 20 is divided by r(z).
9
Suppose u = 4*u + 21. Let w be 134/(u/(7/(-2))). Suppose 0 = -5*q - 10, 4*x - 5*q - w = -13. What is the remainder when x is divided by 3?
2
Suppose 5*x = -40 - 20. Let s(d) = -d**2 - 16*d. Let u = -2 + 19. What is the remainder when s(x) is divided by u?
14
Let w be (2 - 1)/((-1)/(-4)). Suppose -u = 4*o + 13, -27 - w = -5*u + 4*o. Let f(j) = j**2 + j. Calculate the remainder when u is divided by f(-2).
1
Suppose -5*v + 4*b = -467, -5*v - 3*b + 458 = -4*b. Calculate the remainder when v is divided by 23.
22
Let y(t) = 4*t - 2. Let q be y(1). Calculate the remainder when 42 is divided by ((-135)/(-18))/(q/4).
12
Let u be (-1)/(-1)*-3 + -2. Let d(w) = -w**3 - 5*w**2 - 4*w + 1. Calculate the remainder when d(u) is divided by 6.
3
Let b be (-2)/(-1) + (-2 - -16). Suppose -4*t + 66 = 50. Suppose -2*h - 2*n = -b, h - 5*n + t = 2*h. What is the remainder when 34 is divided by h?
7
Let v = -17 + 32. Calculate the remainder when (-6 + 2 + 1)*-9 is divided by v.
12
Suppose -7*o = 10 - 101. What is the remainder when 25 is divided by o?
12
Let y(w) = -2*w + 4. Calculate the remainder when 5 is divided by y(0).
1
Let b = -15 + 20. Suppose 2*u + b*z = -0*u + 80, 5*u = -z + 200. Calculate the remainder when u is divided by 14.
12
Let t(b) = b**3 + 3*b**2 - 2*b - 3. Calculate the remainder when 6 is divided by t(-3).
0
Suppose -12 + 87 = 3*s + 3*k, -k - 35 = -s. Calculate the remainder when 87 is divided by s.
27
Let x(h) = -7*h**2 + 1. Let v be x(1). Let a(w) = -8*w - 4. What is the remainder when a(v) is divided by 12?
8
Suppose 5*x = -3*h - 13, -2*h + 2 = x - 1. Let k = -2 - x. Calculate the remainder when k is divided by 3.
0
Suppose -6 = 3*w - w. Let b(l) = l**3 + 3*l**2 + 2. Let u be b(w). Suppose u*r + 5*z = -r + 63, -39 = -3*r + 3*z. What is the remainder when 31 is divided by r?
15
Let o(r) = 6*r - 6 + 3 - 7*r**2 - 1 + r**3. Let a be o(6). What is the remainder when a/10 - 122/(-5) is divided by 13?
11
Suppose -214 = -2*p + 4*j, 2*p = p - 3*j + 97. What is the remainder when p is divided by 26?
25
Let u = -127 - -181. Suppose -5*q + 36 = -u. Calculate the remainder when q is divided by 5.
3
Let c be (8/20)/((-2)/(-20)). Let v = c + -1. Suppose -v*y = -2*y - 8. Calculate the remainder when y is divided by 5.
3
Let m = -1 - 0. Let c = 2 - m. Let o = 139 + -132. Calculate the remainder when o is divided by c.
1
Let c(q) = 2*q**2 - 7*q + 4. Suppose -4*z + 45 = 5*x, 3*z - 4*x + 0 + 5 = 0. Suppose -5*b + 4*b + z = 0. What is the remainder when 36 is divided by c(b)?
17
Let b(c) = -c**2 - 5*c - 1. Let j be b(-4). Suppose -j*t + 0*k + 45 = -k, 2*t - 37 = 3*k. What is the remainder when 41 is divided by t?
13
Calculate the remainder when (1 + -3 - -33)/1 is divided by 16.
15
Let p be (-6 - -5) + (124 - -1). Suppose 35 = x + 5*c, 0*x + 4*x - p = -4*c. Calculate the remainder when (x - (-6)/3) + -1 is divided by 11.
9
What is the remainder when 41 is divided by (-12)/(-9)*(-147)/(-14)?
13
Let l(t) = t**3 + 3*t**2 - 2*t - 4. Let k be l(-3). Suppose v + k*v - 9 = 0. Suppose -v*b + 5*b = 38. Calculate the remainder when b is divided by 7.
5
Suppose l = -j - 22, 2*j - j = 5*l - 52. Let y = -14 - j. What is the remainder when y is divided by (7/2)/((-1)/(-2))?
6
Let v(f) = 20*f**3 + 2*f - 1. Calculate the remainder when 60 is divided by v(1).
18
Suppose 0*a = a - 4. Let l(v) be the first derivative of v**4/4 - 10*v**3/3 + 5*v**2 + v - 6. What is the remainder when l(9) is divided by a?
2
Suppose -4*b + 48 + 116 = 0. Calculate the remainder when b is divided by 6.
5
Let s(u) = -u**2 + 9*u - 4. Let c be s(8). Suppose 2*g = c*g - 46. Suppose g - 103 = -5*b. Calculate the remainder when b is divided by 6.
4
Suppose 3 = 4*u - 1, 3*t - 3*u = 9. Suppose -i = -2*m + 56, 9*i - 44 = -2*m + t*i. Calculate the remainder when m is divided by 10.
7
Suppose 5*j - 2 = 3. Let t be ((-12)/(-20))/(j/5). Suppose -t*f + 4 = 1. What is the remainder when 2 is divided by f?
0
Suppose -4*h + 4 = p - 11, 0 = -3*p - 2*h + 5. Let z(r) = r + 1. Let q be z(0). Calculate the remainder when q*(0 - p)*3 is divided by 2.
1
Let m(i) be the first derivative of -i**2/2 - 2*i + 1. Let y = -1 - 7. What is the remainder when 16 is divided by m(y)?
4
Suppose 0 = -z + 18 - 3. What is the remainder when 59 is divided by z?
14
Suppose -5*j = -4*b - 109 - 2, 4 = -b. Suppose -4*n + 2*n + 10 = -k, 2*n - 34 = -5*k. Calculate the remainder when j is divided by n.
5
Let r(g) = -g - 2. Let a be r(-5). What is the remainder when 11 is divided by 2/(a/6 + 0)?
3
Suppose -25 = -4*u - u. Suppose u*q = -4*c + 6*c + 6, -q = -5*c + 31. Calculate the remainder when 12 is divided by c.
5
Suppose 0*v + 5*p - 36 = -2*v, -3*p + 63 = 3*v. Suppose 4*r - 6*r = -16. What is the remainder when v is divided by r?
7
Let f(d) = -d**3 + 9*d**2 - 3*d + 10. What is the remainder when f(8) is divided by 1/(-1)*(1 + -14)?
11
Suppose -4*z + 3 = -2*l + 5, 4*z + 23 = -5*l. Let r be (l + 3 - -7) + -1. Let b(q) = 5*q - 7. What is the rem